{"id":297,"date":"2013-08-26T09:09:17","date_gmt":"2013-08-26T09:09:17","guid":{"rendered":"https:\/\/www.lilavert.com\/blog_lilavert\/?page_id=297"},"modified":"2020-03-13T15:49:47","modified_gmt":"2020-03-13T15:49:47","slug":"macro","status":"publish","type":"page","link":"https:\/\/www.lilavert.com\/blog_lilavert\/gallerie-1\/macro\/","title":{"rendered":"Macro photographie"},"content":{"rendered":"<p><strong style=\"color: #eb0045;\">Macro\u00a0photographie<\/strong>\u00a0&#8211; Pistils de fleurs, Germes de mousse, graine de pissenlit, Drosera capensis, Silene,\u00a0macro-champignon, insectes, &#8230;<\/p>\n<p><strong style=\"color: #eb0045;\">Nikon <\/strong><strong>D610,\u00a0<\/strong>D300<br \/>\n<strong>Macro 150 mm Sigma<\/strong><br \/>\nkenko 1.4<br \/>\nFlash Nikon\u00a0<strong>SB600<\/strong>.<\/p>\n","protected":false},"excerpt":{"rendered":"<p>Macro\u00a0photographie\u00a0&#8211; Pistils de fleurs, Germes de mousse, graine de pissenlit, Drosera capensis, Silene,\u00a0macro-champignon, insectes, &#8230; Nikon D610,\u00a0D300 Macro 150 mm<\/p>\n","protected":false},"author":1,"featured_media":0,"parent":166,"menu_order":0,"comment_status":"open","ping_status":"open","template":"template-gallery.php","meta":{"_monsterinsights_skip_tracking":false,"_monsterinsights_sitenote_active":false,"_monsterinsights_sitenote_note":"","_monsterinsights_sitenote_category":0,"jetpack_post_was_ever_published":false,"footnotes":""},"jetpack_sharing_enabled":true,"jetpack_shortlink":"https:\/\/wp.me\/P6hYQX-4N","jetpack-related-posts":[{"id":442,"url":"https:\/\/www.lilavert.com\/blog_lilavert\/my-work\/","url_meta":{"origin":297,"position":0},"title":"My photos work","author":"LilaVert I-I","date":"06\/08\/2012","format":false,"excerpt":"Domaine de pr\u00e9dilection : Macro photographies [petites b\u00eabetes et autres.. germes de mousse, water drops, pistil de fleurs], nature, Chats et chevaux, etc... Je suis \u00e9quip\u00e9e d'un Nikon D300, D610 coupl\u00e9 \u00e0 un macro 150 mm Sigma, doubl\u00e9 d'un kenko 1.4. Flash Nikon SB600. Bonne visite.","rel":"","context":"Article similaire","block_context":{"text":"Article similaire","link":""},"img":{"alt_text":"","src":"","width":0,"height":0},"classes":[]},{"id":9628,"url":"https:\/\/www.lilavert.com\/blog_lilavert\/cinemagraphs\/","url_meta":{"origin":297,"position":1},"title":"Cinemagraphs","author":"LilaVert I-I","date":"11\/07\/2015","format":false,"excerpt":"Animations et Cinemagraphs - Experiments Click on the pic\u00a0to see the animation... Un\u00a0cinemagraph\u00a0est une partie de photographie\u00a0anim\u00e9e d'un l\u00e9ger mouvement r\u00e9p\u00e9titif. Il est g\u00e9n\u00e9ralement au format\u00a0GIF anim\u00e9 ou mp4. Le terme cinemagraph a \u00e9t\u00e9 invent\u00e9 par les Am\u00e9ricains\u00a0Kevin Burg\u00a0et\u00a0Jamie Beck, respectivement photographe et sp\u00e9cialiste de l'animation, qui utilis\u00e8rent cette technique\u2026","rel":"","context":"Article similaire","block_context":{"text":"Article similaire","link":""},"img":{"alt_text":"","src":"","width":0,"height":0},"classes":[]},{"id":274,"url":"https:\/\/www.lilavert.com\/blog_lilavert\/gallerie-1\/fleurs\/","url_meta":{"origin":297,"position":2},"title":"Fleurs","author":"LilaVert I-I","date":"06\/08\/2012","format":false,"excerpt":"Fleurs \/ Nature photographies \/","rel":"","context":"Avec 2 commentaires","block_context":{"text":"Avec 2 commentaires","link":"https:\/\/www.lilavert.com\/blog_lilavert\/gallerie-1\/fleurs\/#comments"},"img":{"alt_text":"","src":"","width":0,"height":0},"classes":[]}],"_links":{"self":[{"href":"https:\/\/www.lilavert.com\/blog_lilavert\/wp-json\/wp\/v2\/pages\/297"}],"collection":[{"href":"https:\/\/www.lilavert.com\/blog_lilavert\/wp-json\/wp\/v2\/pages"}],"about":[{"href":"https:\/\/www.lilavert.com\/blog_lilavert\/wp-json\/wp\/v2\/types\/page"}],"author":[{"embeddable":true,"href":"https:\/\/www.lilavert.com\/blog_lilavert\/wp-json\/wp\/v2\/users\/1"}],"replies":[{"embeddable":true,"href":"https:\/\/www.lilavert.com\/blog_lilavert\/wp-json\/wp\/v2\/comments?post=297"}],"version-history":[{"count":0,"href":"https:\/\/www.lilavert.com\/blog_lilavert\/wp-json\/wp\/v2\/pages\/297\/revisions"}],"up":[{"embeddable":true,"href":"https:\/\/www.lilavert.com\/blog_lilavert\/wp-json\/wp\/v2\/pages\/166"}],"wp:attachment":[{"href":"https:\/\/www.lilavert.com\/blog_lilavert\/wp-json\/wp\/v2\/media?parent=297"}],"curies":[{"name":"wp","href":"https:\/\/api.w.org\/{rel}","templated":true}]}}